{"id":1508,"date":"2019-02-20T06:04:23","date_gmt":"2019-02-20T05:04:23","guid":{"rendered":"http:\/\/3hvtt.fr\/?page_id=1508"},"modified":"2019-02-20T06:10:22","modified_gmt":"2019-02-20T05:10:22","slug":"anciennes-editions","status":"publish","type":"page","link":"https:\/\/3hvtt.fr\/index.php\/anciennes-editions\/","title":{"rendered":"Anciennes Editions"},"content":{"rendered":"<p>Vous trouverez ici toutes les photos et les vid\u00e9os des diff\u00e9rentes ann\u00e9es \u00e0 2-3 ans ant\u00e9rieur.<\/p>\n","protected":false},"excerpt":{"rendered":"<p>Vous trouverez ici toutes les photos et les vid\u00e9os des diff\u00e9rentes ann\u00e9es \u00e0 2-3 ans ant\u00e9rieur.<\/p>\n","protected":false},"author":2,"featured_media":0,"parent":0,"menu_order":0,"comment_status":"closed","ping_status":"closed","template":"","meta":{"jetpack_post_was_ever_published":false,"footnotes":""},"class_list":["post-1508","page","type-page","status-publish","hentry"],"jetpack_sharing_enabled":true,"jetpack_shortlink":"https:\/\/wp.me\/P7f8gj-ok","jetpack-related-posts":[],"_links":{"self":[{"href":"https:\/\/3hvtt.fr\/index.php\/wp-json\/wp\/v2\/pages\/1508","targetHints":{"allow":["GET"]}}],"collection":[{"href":"https:\/\/3hvtt.fr\/index.php\/wp-json\/wp\/v2\/pages"}],"about":[{"href":"https:\/\/3hvtt.fr\/index.php\/wp-json\/wp\/v2\/types\/page"}],"author":[{"embeddable":true,"href":"https:\/\/3hvtt.fr\/index.php\/wp-json\/wp\/v2\/users\/2"}],"replies":[{"embeddable":true,"href":"https:\/\/3hvtt.fr\/index.php\/wp-json\/wp\/v2\/comments?post=1508"}],"version-history":[{"count":2,"href":"https:\/\/3hvtt.fr\/index.php\/wp-json\/wp\/v2\/pages\/1508\/revisions"}],"predecessor-version":[{"id":1516,"href":"https:\/\/3hvtt.fr\/index.php\/wp-json\/wp\/v2\/pages\/1508\/revisions\/1516"}],"wp:attachment":[{"href":"https:\/\/3hvtt.fr\/index.php\/wp-json\/wp\/v2\/media?parent=1508"}],"curies":[{"name":"wp","href":"https:\/\/api.w.org\/{rel}","templated":true}]}}